ose -4*l + 12152 = -11*b + 15*b, -5*l - 15200 = -5*b. What are the prime factors of b?
3, 1013
Let h be -1 + 202 - (-21)/(-7). Let y = h - 133. What are the prime factors of y?
5, 13
Suppose 7*b - 18 = 2*b + 3*k, b = -4*k - 1. Suppose -b*i - 2*i = -10. Let c(h) = 22*h - 2. What are the prime factors of c(i)?
2, 3, 7
Let n be (-26)/(-3) - 7/(-21). Let p = n - 5. Suppose -v - 225 = -p*s, 0*v = 3*v + 15. List the prime factors of s.
5, 11
Suppose 4*r - 4*g = 0, -3*g - 2*g - 21 = 2*r. Let u(l) = -l**2 + 2*l + 4. Let b be u(r). Let p = b + 16. List the prime factors of p.
5
Let s(x) = 43 - x + 14*x**2 - 2*x**3 - 3*x - 51. List the prime factors of s(6).
2, 5
Suppose 5*n + 135 - 345 = 0. Suppose -n*z - 116 = -43*z. What are the prime factors of z?
2, 29
Let w = -18 - -27. Suppose w + 35 = x. List the prime factors of x.
2, 11
Let d(q) = 191*q + 319. List the prime factors of d(7).
2, 3, 23
Suppose 7*z - 10312 = 5347. List the prime factors of z.
2237
Suppose 5*c + 78160 = 21*c. List the prime factors of c.
5, 977
Suppose t + 2*b - 30 + 8 = 0, 0 = 3*t + 5*b - 61. What are the prime factors of t?
2, 3
List the prime factors of -5 - (3 - 2) - -450.
2, 3, 37
Let t = -678 - -1458. Suppose h - 13*h = -t. What are the prime factors of h?
5, 13
Suppose d - 946 + 354 = 0. What are the prime factors of d?
2, 37
Suppose 3*g - 4*g = -1, 4*g = 5*v - 216. Let q = v - -61. Suppose 0*t - 5*t = -q. What are the prime factors of t?
3, 7
Suppose 3*g + 80 = 13*g. Let o(x) = x**2 + 71*x - 49. Let n(i) = -14*i + 10. Let j(m) = 11*n(m) + 2*o(m). What are the prime factors of j(g)?
2, 11
Let y(w) = w**3 + 2*w - 3. Let j be y(3). Let r be (-3)/27*-3*-6 + 4. Let f = j - r. What are the prime factors of f?
2, 7
Let u(q) = -71*q - 5. List the prime factors of u(-3).
2, 13
Suppose 4*l = -4*g + l + 1406, -4*g + 1408 = 4*l. List the prime factors of g.
2, 5, 7
Suppose -4*m - 460 = -4*i, 4*m + 6*i + 428 = 2*i. List the prime factors of (-8 - 0)*m/12.
2, 37
Suppose -4*w = 5*o - 10*o - 744, 3*w + 2*o = 558. What are the prime factors of w?
2, 3, 31
Suppose -k + 19 = -0*k. Suppose k = 4*y - 33. List the prime factors of y.
13
Suppose -19982 = 17*u - 57909. List the prime factors of u.
23, 97
Let y be (819/42)/(2/12). Let u = 258 - y. What are the prime factors of u?
3, 47
Let w be (-2)/2 + 135/15. Suppose -3*u = -w*u + 165. What are the prime factors of u?
3, 11
Suppose 7099 = 5*l + 3*j, -9*j + 12 = -5*j. What are the prime factors of l?
2, 709
Let r(h) = 2*h**2 + 67*h + 21. Let i be r(-33). Let u(b) = b**2 + 11*b - b**2 + 18 + b**2. What are the prime factors of u(i)?
2, 3, 5
Suppose -40 = 4*c - 4*s, -64 = 4*c - s + 3*s. Let b = -10 - c. Suppose -2*p = 3*p + j - 337, 4*j + 284 = b*p. List the prime factors of p.
2, 17
Suppose -2*f - 5 = y - 0, y = -3*f - 10. Suppose -3*t = y*t - 4424. Suppose 3*u - t = -4*u. List the prime factors of u.
79
Let x = 4750 + -2459. List the prime factors of x.
29, 79
Let r(t) = t**2 + 10*t + 6. Suppose -o = -q - 6, 0*o - 42 = 3*q + 3*o. Let w be r(q). Suppose -w*d = -d - 15. What are the prime factors of d?
3
Suppose -a - 2*p = -95 - 15, 3*a - 375 = 3*p. Let r = 182 - a. What are the prime factors of r?
2, 31
Let q be (-2)/4 + -1 + 182/52. Let b(t) = t**3 + 5*t**2. Let m be b(-5). Suppose 0 = -4*i + u - 145 + 411, m = q*u + 4. What are the prime factors of i?
2, 3, 11
Let k(p) be the second derivative of -3/2*p**2 + 9*p - p**3 + 0. What are the prime factors of k(-11)?
3, 7
Suppose 0 = -2*a - 5*z + 7, 0 = -z - 0 + 3. Let t(q) = -13*q - 13. What are the prime factors of t(a)?
3, 13
Let w(q) = -q - 8. Let v be w(-11). Suppose 42 = 4*r + 2*d - 60, -v*r = -2*d - 66. Suppose r = 5*k - 101. List the prime factors of k.
5
Let z(m) = 2*m + 4*m**2 + 5 - 3*m + 2*m. Let s be z(-4). Suppose -4*w - o + 56 = -5*o, 4*o + s = 5*w. What are the prime factors of w?
3
Let j(c) = 2*c**2 - c**2 - 2 - 2*c - 4*c**2 - 1. Let n be j(-2). Let w = 15 + n. List the prime factors of w.
2
Suppose 8*m + 0*m - 344 = 0. Suppose m*w - 47*w + 688 = 0. List the prime factors of w.
2, 43
Let b(q) = -2*q + 10. Let o be b(8). Let t = 8 - o. List the prime factors of t.
2, 7
Let x(u) = u**2 + 1. Suppose a + 21 = -3*d, -4*a - d - 43 = -14. Let g be a/(-9)*3/2. List the prime factors of x(g).
2
Let z be (2/(-4))/(2/120). Let j = -12 - z. Let s = 22 - j. What are the prime factors of s?
2
Suppose -8 = 2*g, -2*g = -3*h + 3*g + 26. Suppose 0 = a - b - b - 34, -6 = -h*b. What are the prime factors of a?
2, 5
Suppose 54609 = 71*p - 357972. List the prime factors of p.
3, 13, 149
Let g(k) = k**3 + 15*k**2 - 26*k - 43. What are the prime factors of g(13)?
19, 229
Let w be (3 - 3)/(0 + 1). Let g = 29 - w. Let u = g + -16. What are the prime factors of u?
13
Suppose 6981 = -5*a + 18*a. List the prime factors of a.
3, 179
Let k(v) = -15*v + 6. Let b be k(7). Let t = b + 116. What are the prime factors of t?
17
Let u be 5*(-2)/(-2) + -1. What are the prime factors of 56 + (-1 - 4/u)?
2, 3
Suppose -5*r - 31 = 3*b, -4*r - 18 = 5*b + 12. Let f be (-1)/(-2)*b + 31. Suppose 0*t - f = -5*t + 5*n, 0 = -t + 5*n - 14. List the prime factors of t.
11
Let l = 4368 - 3007. List the prime factors of l.
1361
Suppose -45*z + 51*z - 4344 = 0. List the prime factors of z.
2, 181
Let p be (-41)/5 + 2/10. Let x(v) = v**3 + 6*v**2 + 4*v - 7. Let f be x(-5). What are the prime factors of f + (-4)/p*62?
29
Let d(h) = -h**3 - 14*h**2 + 14*h + 13. Let g be d(-16). Let m = -193 + g. List the prime factors of m.
2, 3
Let p be -5*1/1*-2. Suppose 0 = 5*r - 17 - 78. Let c = p + r. List the prime factors of c.
29
Let p(u) = u**2 - 7*u + 22. Let i be p(22). Let c = i + -100. List the prime factors of c.
2, 3, 7
Suppose -5*h = 4*k + 20, -5*k - 23 = 2. Suppose h = 3*t + 12, u - 3*t - 14 = 3. Suppose -253 = -u*g - 33. What are the prime factors of g?
2, 11
Suppose 5*h = r + 3*r - 57, -r + 39 = -4*h. Let b(q) = q**3 + 9*q**2 - 13*q - 22. List the prime factors of b(h).
5, 19
Let i(p) = -95*p - 67. List the prime factors of i(-17).
2, 3, 43
Let c(t) = t**2 + 3*t + 6*t - 4*t - 6. Let a be c(-6). Suppose p + 4*r + a - 2 = 0, -4*p + 5*r = -29. What are the prime factors of p?
2, 3
Let g(y) = -y. Let z be g(-5). Suppose z*b = 6*b - 8. Suppose b*h = 5*h + 222. What are the prime factors of h?
2, 37
Suppose 4*z = -11 - 9. Let u(w) = 2*w**2 + 2*w + 2. Let p be u(z). Suppose -p = -0*s - 2*s. List the prime factors of s.
3, 7
Let n = -45 - -35. Let w = 85 - n. What are the prime factors of w?
5, 19
Let n be 1/((-136)/(-44) - 3). Suppose -59 + n = -r. List the prime factors of r.
2, 3
Let f be 6/4*1*2. Let g(h) = h**2 - 40*h + 19. Let c be g(40). What are the prime factors of c + (f - 3) + 3?
2, 11
Let z(a) = -a**3 + 4*a**2 + 12*a - 8. Let f be z(6). What are the prime factors of 117 - 3*(-4)/f*-2?
2, 3, 5
Suppose -2*f - 5 = -7*f. Let u be (f + -47)*3/2. Let a = u + 111. List the prime factors of a.
2, 3, 7
Let o(v) = -v**3 + 6*v**2 + 3*v + 30. Let y be o(7). Suppose -6 + 136 = q + f, y*f + 502 = 4*q. What are the prime factors of q?
127
Suppose -1888 = 5*o + 5*v - 11753, 0 = 4*v + 4. What are the prime factors of o?
2, 3, 7, 47
Let h be 5/(-8)*-2*596. Suppose 0 = 6*v - 2257 + h. What are the prime factors of v?
2, 3, 7
Suppose 3*z = -43 - 17. List the prime factors of (-9)/12 - 135/z.
2, 3
Let d be -178*-4*(-1)/8. Let h = -33 - d. List the prime factors of h.
2, 7
Suppose 69 = -2*c + 83. What are the prime factors of (1 - (2 + 228))*(-8 + c)?
229
Suppose -3*c - 3*r - 6 = 0, -2*r - 2 = -r. Suppose 0 = -2*w - h - 21 - 2, c = 2*w + 3*h + 17. List the prime factors of 0/w + 59 + -1.
2, 29
Let t(l) = -l + 1. Let q be t(-2). Suppose -4*h = -3*j - 22, -q*h + j = -2*h - 6. Suppose -131 = -h*a - 23. List the prime factors of a.
3
Suppose 2*f - 4*m = 2174, -5*f - 60*m + 5448 = -57*m. List the prime factors of f.
3, 11
Let k be (-10)/(-2)*(-2)/5. Let h = k + 5. Suppose h*s = -20 + 59. What are the prime factors of s?
13
Suppose 0 = 3*u + z - 182, 3*u + 2*u + 2*z = 304. Suppose 4*c + 110 = 4*f + 2*c, -2*f + 2*c + u = 0. List the prime factors of f + (-1)/2*2.
2, 3
Suppose -3*b = t - 343, -2*t + 6*t - 346 = -3*b. What are the prime factors of b?
2, 3, 19
Suppose -23*k + 29*k = 3696. What are the prime factors of k?
2, 7, 11
Let u = -24 + -25. What are the p